he prime factors of 28718680?
2, 5, 717967
List the prime factors of 523094.
2, 11, 13, 31, 59
List the prime factors of 5448144.
2, 3, 13, 8731
List the prime factors of 79825.
5, 31, 103
What are the prime factors of 14512615?
5, 13, 29, 7699
What are the prime factors of 115716?
2, 3, 9643
List the prime factors of 7717153.
7717153
List the prime factors of 281250.
2, 3, 5
What are the prime factors of 20453539?
20453539
List the prime factors of 245238.
2, 3, 7, 5839
List the prime factors of 668077.
643, 1039
List the prime factors of 344067.
3, 114689
What are the prime factors of 180630?
2, 3, 5, 223
What are the prime factors of 274191?
3, 91397
List the prime factors of 286886.
2, 143443
What are the prime factors of 105174?
2, 3, 5843
What are the prime factors of 30648?
2, 3, 1277
What are the prime factors of 256068?
2, 3, 2371
List the prime factors of 13304152.
2, 307, 5417
List the prime factors of 2927883.
3, 7, 139423
List the prime factors of 2121375.
3, 5, 5657
List the prime factors of 473032.
2, 7, 8447
What are the prime factors of 934148?
2, 29, 8053
What are the prime factors of 772662?
2, 3, 11, 23, 509
What are the prime factors of 8720074?
2, 11, 127, 3121
What are the prime factors of 17040659?
313, 54443
What are the prime factors of 2306454?
2, 3, 53, 7253
What are the prime factors of 457356?
2, 3, 38113
What are the prime factors of 21836895?
3, 5, 761, 1913
List the prime factors of 8204073.
3, 61, 127, 353
What are the prime factors of 2643708?
2, 3, 151, 1459
What are the prime factors of 1000324?
2, 13, 19237
What are the prime factors of 8579426?
2, 59, 72707
What are the prime factors of 31347?
3, 43
List the prime factors of 411040.
2, 5, 7, 367
List the prime factors of 2762402.
2, 797, 1733
What are the prime factors of 3842116?
2, 751, 1279
What are the prime factors of 2276009?
269, 8461
List the prime factors of 9324951.
3, 3108317
List the prime factors of 3684781.
3684781
List the prime factors of 202018.
2, 101009
What are the prime factors of 47386?
2, 19, 29, 43
List the prime factors of 38208.
2, 3, 199
What are the prime factors of 8989087?
97, 92671
What are the prime factors of 23371230?
2, 3, 5, 41, 19001
List the prime factors of 8619682.
2, 4309841
List the prime factors of 8660150.
2, 5, 379, 457
What are the prime factors of 389585?
5, 7, 11131
What are the prime factors of 922433?
101, 9133
List the prime factors of 1806169.
71, 25439
List the prime factors of 68218.
2, 23, 1483
What are the prime factors of 15311718?
2, 3, 71, 11981
What are the prime factors of 189971?
271, 701
List the prime factors of 8224593.
3, 13, 23, 53, 173
List the prime factors of 5484310.
2, 5, 13, 42187
What are the prime factors of 144527?
113, 1279
What are the prime factors of 5977906?
2, 11, 271723
What are the prime factors of 520793?
7, 13, 59, 97
List the prime factors of 5078350.
2, 5, 47, 2161
What are the prime factors of 171237?
3, 11, 5189
List the prime factors of 559147.
17, 31, 1061
What are the prime factors of 4921364?
2, 7, 17, 211
List the prime factors of 258678.
2, 3, 7, 2053
List the prime factors of 24561.
3, 2729
What are the prime factors of 697003?
53, 13151
List the prime factors of 1494632.
2, 23, 8123
List the prime factors of 21360037.
29, 103, 7151
List the prime factors of 12752227.
17, 750131
What are the prime factors of 801250?
2, 5, 641
List the prime factors of 377164.
2, 94291
What are the prime factors of 1346960?
2, 5, 113, 149
What are the prime factors of 1138454?
2, 23, 24749
List the prime factors of 1131978.
2, 3, 37, 5099
List the prime factors of 2810398.
2, 31, 45329
List the prime factors of 2634182.
2, 1317091
List the prime factors of 3158905.
5, 317, 1993
List the prime factors of 9501840.
2, 3, 5, 53, 83
List the prime factors of 206377.
47, 4391
List the prime factors of 3026479.
113, 26783
List the prime factors of 11684959.
11, 13, 41, 1993
What are the prime factors of 1930840?
2, 5, 48271
What are the prime factors of 344784?
2, 3, 11, 653
What are the prime factors of 85330?
2, 5, 7, 23, 53
List the prime factors of 8169329.
7, 29, 5749
List the prime factors of 52806.
2, 3, 13, 677
List the prime factors of 1202299.
7, 171757
What are the prime factors of 325208?
2, 13, 53, 59
What are the prime factors of 1210230?
2, 3, 5, 7, 17, 113
What are the prime factors of 4191355?
5, 7, 31, 3863
What are the prime factors of 7425605?
5, 11, 79, 1709
List the prime factors of 1658384.
2, 7, 13, 17, 67
List the prime factors of 1703043.
3, 17, 11131
List the prime factors of 4423129.
103, 42943
List the prime factors of 16010705.
5, 41, 78101
What are the prime factors of 3990571?
13, 41, 7487
List the prime factors of 19351188.
2, 3, 23, 23371
What are the prime factors of 75401?
75401
List the prime factors of 210460.
2, 5, 17, 619
What are the prime factors of 835518?
2, 3, 131, 1063
What are the prime factors of 632246?
2, 97, 3259
List the prime factors of 1274809.
53, 67, 359
List the prime factors of 2868999.
3, 7, 29, 673
List the prime factors of 841144.
2, 105143
List the prime factors of 2704206.
2, 3, 59, 7639
List the prime factors of 30285.
3, 5, 673
List the prime factors of 71042.
2, 35521
List the prime factors of 4218473.
7, 602639
What are the prime factors of 3189783?
3, 43, 79, 313
What are the prime factors of 7573906?
2, 3786953
List the prime factors of 948933.
3, 105437
List the prime factors of 8111228.
2, 2027807
List the prime factors of 6713523.
3, 82883
What are the prime factors of 2102045?
5, 11, 38219
List the prime factors of 15384114.
2, 3, 431, 661
List the prime factors of 41108433.
3, 103, 173, 769
List the prime factors of 526291.
526291
What are the prime factors of 364494?
2, 3, 13, 4673
List the prime factors of 13937149.
23, 151, 4013
List the prime factors of 161455.
5, 7, 659
What are the prime factors of 412527?
3, 199, 691
List the prime factors of 4297593.
3, 1432531
What are the prime factors of 777276?
2, 3, 2399
List the prime factors of 1475448.
2, 3, 13, 4729
What are the prime factors of 13269964?
2, 691, 4801
List the prime factors of 25132451.
47, 139, 3847
List the prime factors of 4188347.
4188347
List the prime factors of 451944.
2, 3, 6277
What are the prime factors of 958657?
7, 136951
What are the prime factors of 10180363?
29, 351047
What are the prime factors of 4895141?
19, 257639
List the prime factors of 3058135.
5, 83, 7369
What are the prime factors of 3151976?
2, 393997
What are the prime factors of 869512?
2, 7, 15527
What are the prime factors of 265069?
7, 19, 1993
List the prime factors of 6590597.
13, 397, 1277
What are the prime factors of 607259?
19, 31, 1031
What are the prime factors of 5052579?
3, 7, 240599
List the prime factors of 231076.
2, 41, 1409
List the prime factors of 35041414.
2, 47, 163, 2287
What are the prime factors of 593786?
2, 359, 827
What are the prime factors of 67142?
2, 59, 569
What are the prime factors of 548893?
548893
List the prime factors of 8057679.
3, 7, 29, 101, 131
What are the prime factors of 2497145?
5, 7, 71347
What are the prime factors of 11996422?
2, 5998211
What are the prime factors of 4574535?
3, 5, 7, 19, 2293
What are the prime factors of 3154480?
2, 5, 7, 43, 131
What are the prime factors of 444762?
2, 3, 24709
List the prime factors of 9549521.
709, 13469
List the prime factors of 225043.
7, 13, 2473
List the prime factors of 416151.
3, 15413
What are the prime factors of 145106?
2, 13, 5581
List the prime factors of 414115.
5, 13, 23, 277
What are the prime factors of 2900629?
2900629
List the prime factors of 1550293.
163, 9511
List the prime factors of 477614.
2, 47, 5081
What are the prime factors of 5809218?
2, 3, 757, 1279
List the prime factors of 492423.
3, 19, 53, 163
What are the prime factors of 36490628?
2, 9122657
List the prime factors of 2695259.
7, 83, 4639
What are the prime factors of 153199?
239, 641
List the prime factors of 93686.
2, 139, 337
What are the prime factors of 5799930?
2, 3, 5, 103, 1877
What are the prime factors of 1429103?
13, 211, 521
What are the prime factors of 873249?
3, 13, 22391
What are the prime factors of 14159873?
7, 13, 22229
What are the prime factors of 2242485?
3, 5, 7, 113
Li